{"id":38,"date":"2019-11-15T19:03:46","date_gmt":"2019-11-15T19:03:46","guid":{"rendered":"https:\/\/www.sagrec.pt\/?page_id=38"},"modified":"2021-02-24T20:52:37","modified_gmt":"2021-02-24T20:52:37","slug":"sobre-nos","status":"publish","type":"page","link":"http:\/\/sagrec.pt\/?page_id=38","title":{"rendered":"SOBRE-NOS"},"content":{"rendered":"<p>[et_pb_section fb_built=&#8221;1&#8243; fullwidth=&#8221;on&#8221; _builder_version=&#8221;4.0.3&#8243;][et_pb_fullwidth_image src=&#8221;https:\/\/www.sagrec.pt\/wp-content\/uploads\/2021\/02\/fachada_sagrec-04_1.jpg&#8221; _builder_version=&#8221;4.3.1&#8243; custom_padding=&#8221;0px|||||&#8221;][\/et_pb_fullwidth_image][\/et_pb_section][et_pb_section fb_built=&#8221;1&#8243; _builder_version=&#8221;4.0.3&#8243; custom_padding=&#8221;0px||30px||false|false&#8221;][et_pb_row _builder_version=&#8221;4.0.3&#8243; background_color=&#8221;#414040&#8243; width=&#8221;100%&#8221; max_width=&#8221;1920px&#8221; custom_margin=&#8221;|auto|13px|auto||&#8221;][et_pb_column type=&#8221;4_4&#8243; _builder_version=&#8221;4.0.3&#8243;][et_pb_text _builder_version=&#8221;4.0.3&#8243; header_text_color=&#8221;#ffffff&#8221; custom_margin=&#8221;||-5px|||&#8221;]<\/p>\n<h1 style=\"text-align: center;\">QUEM SOMOS<\/h1>\n<p>[\/et_pb_text][\/et_pb_column][\/et_pb_row][et_pb_row _builder_version=&#8221;4.0.3&#8243; custom_margin=&#8221;0px||0px||false|false&#8221; custom_padding=&#8221;30px||0px||false|false&#8221;][et_pb_column type=&#8221;4_4&#8243; _builder_version=&#8221;4.0.3&#8243;][et_pb_text _builder_version=&#8221;4.0.3&#8243; width=&#8221;80%&#8221; module_alignment=&#8221;center&#8221;]<\/p>\n<p style=\"text-align: justify;\"><span>Instalada no centro do pa\u00eds, a Sagrec Constru\u00e7\u00f5es S.A. surgiu em 2004, assumindo-se como empreiteiro no mercado das estruturas met\u00e1licas e constru\u00e7\u00e3o civil.<\/span><\/p>\n<p style=\"text-align: justify;\"><span>A evolu\u00e7\u00e3o do volume de neg\u00f3cios confirmou o efetivo crescimento da atividade da empresa, justificando a aquisi\u00e7\u00e3o de novas instala\u00e7\u00f5es fabris e equipamento especializado e moderno.<\/span><\/p>\n<p style=\"text-align: justify;\"><span>A Sagrec est\u00e1 dotada de um corpo t\u00e9cnico experiente e de elevada compet\u00eancia t\u00e9cnica, de equipamento sofisticado, estabelecendo parcerias firmes e duradouras com um grupo de parceiros de elevada qualidade e compet\u00eancia, com compromisso de rela\u00e7\u00e3o e respeito m\u00fatuos, tendo conseguido proliferar no mercado do setor da distribui\u00e7\u00e3o nomeadamente em lojas LIDL, Mac Donald\u2019s, Grupo Metro, Grupo ADEO, entre outros.<\/span><\/p>\n<p style=\"text-align: justify;\"><span>Detentora do estatuto PME L\u00edder desde 2016, a Sagrec pertence ao segmento mais competitivo da economia nacional, estimulando a din\u00e2mica empresarial e refor\u00e7ando a sua visibilidade.<\/span><\/p>\n<p>[\/et_pb_text][\/et_pb_column][\/et_pb_row][\/et_pb_section][et_pb_section fb_built=&#8221;1&#8243; _builder_version=&#8221;4.0.3&#8243; custom_padding=&#8221;2px||0px|||&#8221;][et_pb_row column_structure=&#8221;1_2,1_2&#8243; use_custom_gutter=&#8221;on&#8221; gutter_width=&#8221;4&#8243; _builder_version=&#8221;4.0.3&#8243; width=&#8221;100%&#8221; module_alignment=&#8221;center&#8221; custom_padding=&#8221;||14px|||&#8221;][et_pb_column type=&#8221;1_2&#8243; _builder_version=&#8221;4.0.3&#8243;][et_pb_text _builder_version=&#8221;4.0.3&#8243; header_font=&#8221;||||||||&#8221; header_text_align=&#8221;left&#8221; header_text_color=&#8221;#414040&#8243; max_width=&#8221;80%&#8221; module_alignment=&#8221;center&#8221; custom_margin=&#8221;||15px||false|false&#8221; border_color_all=&#8221;#fc4c02&#8243; border_width_bottom=&#8221;3px&#8221;]<\/p>\n<h1 style=\"text-align: center;\"><span>Miss\u00e3o<\/span><\/h1>\n<p><span><\/span><\/p>\n<p>[\/et_pb_text][et_pb_text _builder_version=&#8221;4.0.3&#8243; max_width=&#8221;80%&#8221; module_alignment=&#8221;center&#8221;]<\/p>\n<p style=\"text-align: center;\"><span><\/span><\/p>\n<p style=\"text-align: left;\">Conceber, desenvolver e montar estruturas e componentes met\u00e1licos.\u00a0<span style=\"font-size: 14px;\">Conceber, construir, reabilitar obras p\u00fablicas e privadas<\/span><\/p>\n<p style=\"text-align: center;\">\n<p>[\/et_pb_text][\/et_pb_column][et_pb_column type=&#8221;1_2&#8243; _builder_version=&#8221;4.0.3&#8243;][et_pb_text _builder_version=&#8221;4.0.3&#8243; max_width=&#8221;80%&#8221; module_alignment=&#8221;center&#8221; custom_margin=&#8221;||15px||false|false&#8221; border_color_all=&#8221;#fc4c02&#8243; border_width_bottom=&#8221;3px&#8221;]<\/p>\n<h1 style=\"text-align: center;\"><span>Vis\u00e3o<\/span><\/h1>\n<p><span><\/span><\/p>\n<p>[\/et_pb_text][et_pb_text _builder_version=&#8221;4.0.3&#8243; max_width=&#8221;80%&#8221; module_alignment=&#8221;center&#8221;]<\/p>\n<p style=\"text-align: left;\">Ser<span>\u00a0refer\u00eancia<\/span>\u00a0nacional no dominio da constru\u00e7\u00e3o civil<\/p>\n<p style=\"text-align: center;\">[\/et_pb_text][\/et_pb_column][\/et_pb_row][et_pb_row _builder_version=&#8221;4.0.3&#8243; width=&#8221;77%&#8221; module_alignment=&#8221;center&#8221; custom_padding=&#8221;0px||15px||false|false&#8221;][et_pb_column type=&#8221;4_4&#8243; _builder_version=&#8221;4.0.3&#8243;][et_pb_text _builder_version=&#8221;4.0.3&#8243; custom_margin=&#8221;||15px||false|false&#8221; border_color_all=&#8221;#fc4c02&#8243; border_width_bottom=&#8221;3px&#8221;]<\/p>\n<h1 style=\"text-align: center;\"><span>Valores<\/span><\/h1>\n<p><span><\/span><\/p>\n<p>[\/et_pb_text][\/et_pb_column][\/et_pb_row][et_pb_row column_structure=&#8221;1_4,1_4,1_4,1_4&#8243; _builder_version=&#8221;4.0.3&#8243; width=&#8221;77%&#8221; module_alignment=&#8221;center&#8221; custom_margin=&#8221;0px||0px||false|false&#8221; custom_padding=&#8221;0px||22px||false|false&#8221;][et_pb_column type=&#8221;1_4&#8243; _builder_version=&#8221;4.0.3&#8243;][et_pb_text _builder_version=&#8221;4.0.3&#8243;]<\/p>\n<h3 style=\"text-align: left;\">Credibilidade<\/h3>\n<p style=\"text-align: left;\">Ter o cliente como raz\u00e3o da exist\u00eancia. o seu sucesso \u00e9 o nosso sucesso.<\/p>\n<h3><\/h3>\n<p>[\/et_pb_text][\/et_pb_column][et_pb_column type=&#8221;1_4&#8243; _builder_version=&#8221;4.0.3&#8243;][et_pb_text _builder_version=&#8221;4.0.3&#8243;]<\/p>\n<h3 style=\"text-align: left;\">Integridade<\/h3>\n<p style=\"text-align: left;\">Cultivar a \u00e9tica, a verdade e a transpar\u00eancia.<\/p>\n<h3><\/h3>\n<p>[\/et_pb_text][\/et_pb_column][et_pb_column type=&#8221;1_4&#8243; _builder_version=&#8221;4.0.3&#8243;][et_pb_text _builder_version=&#8221;4.0.3&#8243;]<\/p>\n<h3 style=\"text-align: left;\">Esp\u00edrito de grupo<\/h3>\n<p style=\"text-align: left;\">Acreditar e promover o valor humano dos colaboradores. vencer em equipa.\u00a0Todos somos um.<\/p>\n<h3><\/h3>\n<p>[\/et_pb_text][\/et_pb_column][et_pb_column type=&#8221;1_4&#8243; _builder_version=&#8221;4.0.3&#8243;][et_pb_text _builder_version=&#8221;4.0.3&#8243;]<\/p>\n<h3 style=\"text-align: left;\">Responsabilidade social e ambiental<\/h3>\n<p style=\"text-align: left;\">Agir tendo como princ\u00edpio o desenvolvimento sustent\u00e1vel. garantir o futuro.<\/p>\n<p>[\/et_pb_text][\/et_pb_column][\/et_pb_row][\/et_pb_section][et_pb_section fb_built=&#8221;1&#8243; _builder_version=&#8221;4.0.3&#8243; custom_padding=&#8221;0px||0px|||&#8221;][et_pb_row _builder_version=&#8221;4.0.3&#8243; background_color=&#8221;#414040&#8243; width=&#8221;100%&#8221; max_width=&#8221;1920px&#8221;][et_pb_column type=&#8221;4_4&#8243; _builder_version=&#8221;4.0.3&#8243;][et_pb_text _builder_version=&#8221;4.0.3&#8243; header_text_color=&#8221;#ffffff&#8221; custom_margin=&#8221;||-14px|||&#8221; custom_padding=&#8221;||1px|||&#8221;]<\/p>\n<h1 style=\"text-align: center;\"><span>ESTRAT\u00c9GIA | OBJETIVOS<\/span><\/h1>\n<p>[\/et_pb_text][\/et_pb_column][\/et_pb_row][et_pb_row column_structure=&#8221;1_2,1_2&#8243; use_custom_gutter=&#8221;on&#8221; gutter_width=&#8221;1&#8243; _builder_version=&#8221;4.0.3&#8243; custom_padding=&#8221;50px|||||&#8221;][et_pb_column type=&#8221;1_2&#8243; _builder_version=&#8221;4.0.3&#8243;][et_pb_text _builder_version=&#8221;4.0.3&#8243; width=&#8221;80%&#8221; module_alignment=&#8221;center&#8221;]<\/p>\n<h3 style=\"text-align: justify;\">Constru\u00e7\u00e3o e Reabilita\u00e7\u00e3o Civil de Obras P\u00fablicas e Privadas<\/h3>\n<h3 style=\"text-align: justify;\">Conce\u00e7\u00e3o, desenvolvimento e montagem de estruturas e componentes met\u00e1licos<\/h3>\n<p style=\"text-align: left;\"><span><\/span><\/p>\n<p style=\"text-align: justify;\"><span>Proporcionar forma\u00e7\u00e3o cont\u00ednua aos colaboradores, promovendo a excel\u00eancia operativa.\u00a0<\/span><span style=\"font-size: 14px;\">Apostar na internacionaliza\u00e7\u00e3o desenvolvendo parcerias, alargando a atividade para mercados externos.\u00a0<\/span><span style=\"font-size: 14px;\">Solidificar relacionamentos com parceiros de neg\u00f3cio, fidelizando clientes.\u00a0<\/span><span style=\"font-size: 14px;\">Inovar procurando oferecer aos clientes servi\u00e7os diversificados, especializados e de maior qualidade.<\/span><\/p>\n<p style=\"text-align: justify;\"><span>A consolida\u00e7\u00e3o e crescimento sustent\u00e1vel s\u00e3o alavancados pelo nosso sistema de gest\u00e3o e pelo cumprimento dos requisitos legais e regulamentares nas vertentes da qualidade, ambiente, seguran\u00e7a e sa\u00fade no trabalho.<\/span><\/p>\n<p style=\"text-align: justify;\"><span>O conhecimento, compet\u00eancias e recursos permitem-nos manter e melhorar continuamente um sistema de gest\u00e3o da qualidade (SGQ) segundo a <b>NP EN ISO 9001<\/b> e um Sistema de Gest\u00e3o do Controlo de produ\u00e7\u00e3o em f\u00e1brica (CPF) para a marca\u00e7\u00e3o CE das Estruturas Met\u00e1licas segundo a <b>EN 1090-1,<\/b> ambos certificados pelo Organismo acreditado \/ notificado: SGS ICS:<\/span><\/p>\n<p style=\"text-align: left;\"><span>Certificado do SGQ n.\u00ba <strong>P<\/strong><b>T14\/04688<\/b><\/span><\/p>\n<p style=\"text-align: left;\"><span>Certificado do CPF n.\u00ba <b>1029-CPR-PT16\/05640<\/b><\/span><\/p>\n<p>[\/et_pb_text][\/et_pb_column][et_pb_column type=&#8221;1_2&#8243; _builder_version=&#8221;4.0.3&#8243;][et_pb_image src=&#8221;https:\/\/www.sagrec.pt\/wp-content\/uploads\/2019\/11\/Qualidade_ISO9001.png&#8221; align=&#8221;center&#8221; _builder_version=&#8221;4.0.3&#8243; width=&#8221;30%&#8221; custom_margin=&#8221;||61px|||&#8221;][\/et_pb_image][et_pb_text _builder_version=&#8221;4.3.1&#8243; width=&#8221;80%&#8221; module_alignment=&#8221;right&#8221; hover_enabled=&#8221;0&#8243;]<\/p>\n<h3 style=\"text-align: left;\">Execu\u00e7\u00e3o de Estruturas Met\u00e1licas<\/h3>\n<p style=\"text-align: left;\"><span>Componentes de a\u00e7o soldadas com as classes de execu\u00e7\u00e3o EXC1, EXC2, e EXC3 e m\u00e9todo 2, 3b) e 3a).<\/span><\/p>\n<p>[\/et_pb_text][et_pb_image src=&#8221;https:\/\/www.sagrec.pt\/wp-content\/uploads\/2019\/11\/Qualidade_CE1029.png&#8221; align=&#8221;center&#8221; _builder_version=&#8221;4.0.3&#8243; width=&#8221;30%&#8221; custom_margin=&#8221;24px|||||&#8221;][\/et_pb_image][\/et_pb_column][\/et_pb_row][\/et_pb_section][et_pb_section fb_built=&#8221;1&#8243; _builder_version=&#8221;4.0.3&#8243; custom_padding=&#8221;0px||0px|||&#8221;][et_pb_row _builder_version=&#8221;4.0.3&#8243; background_enable_color=&#8221;off&#8221; width=&#8221;70%&#8221; module_alignment=&#8221;center&#8221;][et_pb_column type=&#8221;4_4&#8243; _builder_version=&#8221;4.0.3&#8243;][et_pb_text _builder_version=&#8221;4.0.3&#8243; border_color_all=&#8221;#fc4c02&#8243; border_width_bottom=&#8221;3px&#8221;]<\/p>\n<h1 style=\"text-align: center;\">POL\u00cdTICA DA QUALIDADE<\/h1>\n<p>[\/et_pb_text][\/et_pb_column][\/et_pb_row][et_pb_row _builder_version=&#8221;4.0.3&#8243;][et_pb_column type=&#8221;4_4&#8243; _builder_version=&#8221;4.0.3&#8243;][et_pb_text _builder_version=&#8221;4.0.3&#8243; width=&#8221;80%&#8221; module_alignment=&#8221;center&#8221;]<\/p>\n<p style=\"text-align: justify;\"><span>A Administra\u00e7\u00e3o da Sagrec, ao optar por um Sistema de Gest\u00e3o da Qualidade, compromete-se, dentro do contexto organizacional em que se insere, a cumprir todos os requisitos da NP EN ISO 9001, incluindo os requisitos legais e regulamentares e outros requisitos aplic\u00e1veis, promovendo a melhoria do SG.<\/span><\/p>\n<p style=\"text-align: justify;\"><span>Sendo assim, a Sagrec compromete-se a:<\/span><\/p>\n<ul>\n<li style=\"text-align: justify;\"><span>Conseguir que os produtos \/ servi\u00e7os satisfa\u00e7\u00e3o as necessidades e expetativas dos clientes e das restantes partes interessadas;<\/span><\/li>\n<li style=\"text-align: justify;\"><span>Valorizar os seus colaboradores, proporcionando-lhes as condi\u00e7\u00f5es de trabalho adequadas, para que possam todos participar ativamente no processo de implementa\u00e7\u00e3o e melhoria do sistema de gest\u00e3o da qualidade e permitir o aumento das suas qualifica\u00e7\u00f5es;<\/span><\/li>\n<li style=\"text-align: justify;\"><span>Promover a melhoria continua na presta\u00e7\u00e3o dos servi\u00e7os e fabrica\u00e7\u00e3o de produtos, visando um crescimento sustentado da empresa, de acordo com os objetivos estabelecidos e a efic\u00e1cia do Sistema de Gest\u00e3o implementado;<\/span><\/li>\n<li style=\"text-align: justify;\"><span>Estabelecer boas parcerias com os fornecedores permitam a aquisi\u00e7\u00e3o de todos os recursos necess\u00e1rios com a qualidade desej\u00e1vel.<\/span><\/li>\n<\/ul>\n<p>[\/et_pb_text][\/et_pb_column][\/et_pb_row][\/et_pb_section][et_pb_section fb_built=&#8221;1&#8243; _builder_version=&#8221;4.0.3&#8243; custom_padding=&#8221;0px||30px||false|false&#8221;][et_pb_row _builder_version=&#8221;4.0.3&#8243; background_enable_color=&#8221;off&#8221; width=&#8221;70%&#8221;][et_pb_column type=&#8221;4_4&#8243; _builder_version=&#8221;4.0.3&#8243;][et_pb_text _builder_version=&#8221;4.3.1&#8243; border_color_all=&#8221;#fc4c02&#8243; border_width_bottom=&#8221;3px&#8221;]<\/p>\n<h1 style=\"text-align: center;\">5 ANOS CONSECUTIVOS DE LIDERAN\u00c7A<\/h1>\n<p>[\/et_pb_text][\/et_pb_column][\/et_pb_row][et_pb_row column_structure=&#8221;1_5,1_5,1_5,1_5,1_5&#8243; _builder_version=&#8221;4.0.3&#8243; custom_margin=&#8221;-4px|auto||auto||&#8221; custom_padding=&#8221;31px|||||&#8221;][et_pb_column type=&#8221;1_5&#8243; _builder_version=&#8221;4.0.3&#8243;][et_pb_image src=&#8221;https:\/\/www.sagrec.pt\/wp-content\/uploads\/2019\/11\/PMELider_PME16.png&#8221; align=&#8221;center&#8221; _builder_version=&#8221;4.0.3&#8243; max_width=&#8221;80%&#8221; module_alignment=&#8221;center&#8221;][\/et_pb_image][\/et_pb_column][et_pb_column type=&#8221;1_5&#8243; _builder_version=&#8221;4.0.3&#8243;][et_pb_image src=&#8221;https:\/\/www.sagrec.pt\/wp-content\/uploads\/2019\/11\/PMELider_PME17.png&#8221; align=&#8221;center&#8221; _builder_version=&#8221;4.0.3&#8243; max_width=&#8221;80%&#8221; module_alignment=&#8221;center&#8221;][\/et_pb_image][\/et_pb_column][et_pb_column type=&#8221;1_5&#8243; _builder_version=&#8221;4.0.3&#8243;][et_pb_image src=&#8221;https:\/\/www.sagrec.pt\/wp-content\/uploads\/2019\/11\/PMELider_PME18.png&#8221; align=&#8221;center&#8221; _builder_version=&#8221;4.3.1&#8243; max_width=&#8221;80%&#8221; module_alignment=&#8221;center&#8221;][\/et_pb_image][\/et_pb_column][et_pb_column type=&#8221;1_5&#8243; _builder_version=&#8221;4.0.3&#8243;][et_pb_image src=&#8221;https:\/\/www.sagrec.pt\/wp-content\/uploads\/2020\/02\/PMELider_PME19.png&#8221; align=&#8221;center&#8221; _builder_version=&#8221;4.3.1&#8243; max_width=&#8221;80%&#8221; module_alignment=&#8221;center&#8221;][\/et_pb_image][\/et_pb_column][et_pb_column type=&#8221;1_5&#8243; _builder_version=&#8221;4.0.3&#8243;][et_pb_image src=&#8221;https:\/\/www.sagrec.pt\/wp-content\/uploads\/2021\/02\/PMELider_PME20.png&#8221; align=&#8221;center&#8221; _builder_version=&#8221;4.3.1&#8243; max_width=&#8221;80%&#8221; module_alignment=&#8221;center&#8221;][\/et_pb_image][\/et_pb_column][\/et_pb_row][\/et_pb_section][et_pb_section fb_built=&#8221;1&#8243; _builder_version=&#8221;4.0.3&#8243; background_color=&#8221;#414040&#8243; custom_padding=&#8221;0px||10px|||&#8221; global_module=&#8221;24&#8243; saved_tabs=&#8221;all&#8221;][et_pb_row column_structure=&#8221;1_2,1_2&#8243; _builder_version=&#8221;4.0.3&#8243; custom_padding=&#8221;||0px|||&#8221;][et_pb_column type=&#8221;1_2&#8243; _builder_version=&#8221;4.0.3&#8243;][et_pb_text _builder_version=&#8221;4.0.3&#8243; header_5_text_color=&#8221;#ffffff&#8221; width=&#8221;40%&#8221; module_alignment=&#8221;center&#8221; custom_margin=&#8221;||10px||false|false&#8221; custom_padding=&#8221;||0px||false|false&#8221; border_width_bottom=&#8221;3px&#8221;]<\/p>\n<h5 style=\"text-align: center;\">HOME<\/h5>\n<p>[\/et_pb_text][et_pb_text _builder_version=&#8221;4.0.3&#8243; header_5_text_color=&#8221;#ffffff&#8221; custom_margin=&#8221;||0px||false|false&#8221; custom_padding=&#8221;0px||0px||false|false&#8221; link_option_url=&#8221;https:\/\/www.sagrec.pt\/sobre-nos\/&#8221;]<\/p>\n<h5 style=\"text-align: center;\">SOBRE N\u00d3S<\/h5>\n<p>[\/et_pb_text][et_pb_text _builder_version=&#8221;4.0.3&#8243; header_5_text_color=&#8221;#ffffff&#8221; custom_margin=&#8221;||0px||false|false&#8221; custom_padding=&#8221;0px||0px||false|false&#8221; link_option_url=&#8221;https:\/\/www.sagrec.pt\/servicos\/&#8221;]<\/p>\n<h5 style=\"text-align: center;\">SERVI\u00c7OS<\/h5>\n<p>[\/et_pb_text][et_pb_text _builder_version=&#8221;4.0.3&#8243; header_5_text_color=&#8221;#ffffff&#8221; custom_margin=&#8221;||0px||false|false&#8221; custom_padding=&#8221;0px||0px||false|false&#8221; link_option_url=&#8221;https:\/\/www.sagrec.pt\/contactos\/&#8221;]<\/p>\n<h5 style=\"text-align: center;\">CONTACTOS<\/h5>\n<p>[\/et_pb_text][\/et_pb_column][et_pb_column type=&#8221;1_2&#8243; _builder_version=&#8221;4.0.3&#8243;][et_pb_text _builder_version=&#8221;4.3.1&#8243; header_5_text_color=&#8221;#ffffff&#8221; width=&#8221;40%&#8221; module_alignment=&#8221;center&#8221; custom_margin=&#8221;||10px||false|false&#8221; custom_padding=&#8221;||0px||false|false&#8221; border_width_bottom=&#8221;3px&#8221;]<\/p>\n<h5 style=\"text-align: center;\">PORTF\u00d3LIO<\/h5>\n<p>[\/et_pb_text][et_pb_text _builder_version=&#8221;4.3.1&#8243; _dynamic_attributes=&#8221;link_option_url&#8221; header_5_text_color=&#8221;#ffffff&#8221; custom_margin=&#8221;||0px||false|false&#8221; custom_padding=&#8221;0px||0px||false|false&#8221; link_option_url=&#8221;@ET-DC@eyJkeW5hbWljIjp0cnVlLCJjb250ZW50IjoicG9zdF9saW5rX3VybF9wYWdlIiwic2V0dGluZ3MiOnsicG9zdF9pZCI6IjYzIn19@&#8221;]<\/p>\n<h5 style=\"text-align: center;\">OBRAS CONCLU\u00cdDAS<\/h5>\n<p>[\/et_pb_text][et_pb_text _builder_version=&#8221;4.3.1&#8243; _dynamic_attributes=&#8221;link_option_url&#8221; header_text_color=&#8221;#ffffff&#8221; header_5_text_color=&#8221;#ffffff&#8221; custom_margin=&#8221;||0px||false|false&#8221; custom_padding=&#8221;0px||0px||false|false&#8221; link_option_url=&#8221;@ET-DC@eyJkeW5hbWljIjp0cnVlLCJjb250ZW50IjoicG9zdF9saW5rX3VybF9wYWdlIiwic2V0dGluZ3MiOnsicG9zdF9pZCI6IjYzIn19@&#8221;]<\/p>\n<h5 style=\"text-align: center;\">OBRAS EM CURSO<\/h5>\n<p>[\/et_pb_text][\/et_pb_column][\/et_pb_row][et_pb_row column_structure=&#8221;1_2,1_2&#8243; _builder_version=&#8221;4.0.3&#8243; custom_padding=&#8221;||0px|||&#8221;][et_pb_column type=&#8221;1_2&#8243; _builder_version=&#8221;4.0.3&#8243;][et_pb_text _builder_version=&#8221;4.0.3&#8243; header_6_text_color=&#8221;#ffffff&#8221;]<\/p>\n<h6>CentralGest by Ana Ramos | 2019<\/h6>\n<p>[\/et_pb_text][\/et_pb_column][et_pb_column type=&#8221;1_2&#8243; _builder_version=&#8221;4.0.3&#8243;][et_pb_text _builder_version=&#8221;4.0.3&#8243; header_6_text_color=&#8221;#ffffff&#8221;]<\/p>\n<h6 style=\"text-align: right;\"><span>Alvar\u00e1 n\u00ba 59 978<\/span><\/h6>\n<p>[\/et_pb_text][\/et_pb_column][\/et_pb_row][\/et_pb_section]<\/p>\n","protected":false},"excerpt":{"rendered":"<p>[et_pb_section fb_built=&#8221;1&#8243; fullwidth=&#8221;on&#8221; _builder_version=&#8221;4.0.3&#8243;][et_pb_fullwidth_image src=&#8221;https:\/\/www.sagrec.pt\/wp-content\/uploads\/2021\/02\/fachada_sagrec-04_1.jpg&#8221; _builder_version=&#8221;4.3.1&#8243; custom_padding=&#8221;0px|||||&#8221;][\/et_pb_fullwidth_image][\/et_pb_section][et_pb_section fb_built=&#8221;1&#8243; _builder_version=&#8221;4.0.3&#8243; custom_padding=&#8221;0px||30px||false|false&#8221;][et_pb_row _builder_version=&#8221;4.0.3&#8243; background_color=&#8221;#414040&#8243; width=&#8221;100%&#8221; max_width=&#8221;1920px&#8221; custom_margin=&#8221;|auto|13px|auto||&#8221;][et_pb_column type=&#8221;4_4&#8243; _builder_version=&#8221;4.0.3&#8243;][et_pb_text _builder_version=&#8221;4.0.3&#8243; header_text_color=&#8221;#ffffff&#8221; custom_margin=&#8221;||-5px|||&#8221;] QUEM SOMOS [\/et_pb_text][\/et_pb_column][\/et_pb_row][et_pb_row _builder_version=&#8221;4.0.3&#8243; custom_margin=&#8221;0px||0px||false|false&#8221; custom_padding=&#8221;30px||0px||false|false&#8221;][et_pb_column type=&#8221;4_4&#8243; _builder_version=&#8221;4.0.3&#8243;][et_pb_text _builder_version=&#8221;4.0.3&#8243; width=&#8221;80%&#8221; module_alignment=&#8221;center&#8221;] Instalada no centro do pa\u00eds, a Sagrec Constru\u00e7\u00f5es S.A. surgiu em 2004, assumindo-se como empreiteiro no mercado das estruturas met\u00e1licas e constru\u00e7\u00e3o civil. A [&hellip;]<\/p>\n","protected":false},"author":1,"featured_media":0,"parent":0,"menu_order":0,"comment_status":"closed","ping_status":"closed","template":"","meta":{"_et_pb_use_builder":"on","_et_pb_old_content":"","_et_gb_content_width":"","footnotes":""},"class_list":["post-38","page","type-page","status-publish","hentry"],"_links":{"self":[{"href":"http:\/\/sagrec.pt\/index.php?rest_route=\/wp\/v2\/pages\/38","targetHints":{"allow":["GET"]}}],"collection":[{"href":"http:\/\/sagrec.pt\/index.php?rest_route=\/wp\/v2\/pages"}],"about":[{"href":"http:\/\/sagrec.pt\/index.php?rest_route=\/wp\/v2\/types\/page"}],"author":[{"embeddable":true,"href":"http:\/\/sagrec.pt\/index.php?rest_route=\/wp\/v2\/users\/1"}],"replies":[{"embeddable":true,"href":"http:\/\/sagrec.pt\/index.php?rest_route=%2Fwp%2Fv2%2Fcomments&post=38"}],"version-history":[{"count":42,"href":"http:\/\/sagrec.pt\/index.php?rest_route=\/wp\/v2\/pages\/38\/revisions"}],"predecessor-version":[{"id":398,"href":"http:\/\/sagrec.pt\/index.php?rest_route=\/wp\/v2\/pages\/38\/revisions\/398"}],"wp:attachment":[{"href":"http:\/\/sagrec.pt\/index.php?rest_route=%2Fwp%2Fv2%2Fmedia&parent=38"}],"curies":[{"name":"wp","href":"https:\/\/api.w.org\/{rel}","templated":true}]}}